{"id":61,"date":"2022-06-28T23:43:18","date_gmt":"2022-06-28T23:43:18","guid":{"rendered":"https:\/\/orsaygifathle.fr\/?page_id=61"},"modified":"2022-08-03T16:16:53","modified_gmt":"2022-08-03T16:16:53","slug":"competition-benjamin-a-master","status":"publish","type":"page","link":"https:\/\/orsaygifathle.fr\/?page_id=61","title":{"rendered":"ATHLE Comp\u00e9tition"},"content":{"rendered":"\n<p class=\"has-medium-font-size\"><strong>Cat\u00e9gories : Benjamin(e) \u00e0 Master<\/strong><\/p>\n\n\n\n<p>Apprentissage des techniques de l\u2019athl\u00e9tisme <strong>CLUB FORMATEUR<\/strong><br><strong>Licence FFA Comp\u00e9tition (toutes comp\u00e9titions et championnats)<\/strong><br><strong>Maillot Club OBLIGATOIRE<\/strong><\/p>\n\n\n\n<p><strong>Benjamin(e)s (BEF et BEM) \u2013 de 11 \u00e0 12 ans<\/strong><br><strong>Minimes (MIF et MIM) \u2013 de 13 \u00e0 14 ans<\/strong><br>La programmation des entra\u00eenements a pour objectif la pluridisciplinarit\u00e9. Nous faisons travailler les 3 familles athl\u00e9tiques (courses, sauts et lancers). L\u2019hiver, il leur sera propos\u00e9 de participer aux cross s\u00e9lectionn\u00e9s par le club (cf. calendriers) et en p\u00e9riode estivale, pour chaque comp\u00e9tition sur piste un triathlon (une \u00e9preuve par famille).<\/p>\n\n\n\n<p><strong>Cadet(e)s (CA) \u2013 15 et 16 ans<\/strong><br><strong>Juniors (JU) \u2013 17 et 18 ans<\/strong><br><strong>Espoirs (ES) \u2013 19 \u00e0 21 ans<\/strong><br><strong>Seniors (SE) \u2013 22 \u00e0 34 ans<\/strong><br><strong>Masters (MA) \u2013 35 ans et plus<\/strong><br><strong>Sp\u00e9cialisation \u2013 Groupes organis\u00e9s en d\u00e9but de saison par les entra\u00eeneurs<\/strong><br>Des programmes d\u2019entra\u00eenements individuels sont fournis par les entra\u00eeneurs au cours de la saison.<br>Des <strong>comp\u00e9titions du niveau D\u00e9partemental au niveau National<\/strong>. Le Club est class\u00e9 club ambition par le Conseil G\u00e9n\u00e9ral de l\u2019Essonne pour ses participations aux championnats de France.<br><strong>Le classement du club d\u00e9pend non seulement de la valeur mais aussi de la participation de tous les Athl\u00e8tes<\/strong> du club ce qui conditionne aussi le niveau des subventions et des aides.<\/p>\n\n\n\n<hr class=\"wp-block-separator has-alpha-channel-opacity\"\/>\n\n\n\n<p>L\u2019\u00e9quipement :<\/p>\n\n\n\n<ul class=\"wp-block-list\"><li>\u00c0 l\u2019entra\u00eenement : Equipement d\u2019athl\u00e9tisme (collant ou corsaire, veste ou sweat, eau, gants et bonnet (hiver), v\u00eatement de pluie, change, casquette (hiver). Les vestiaires des tribunes sont \u00e0 disposition.<\/li><li>En comp\u00e9tition : Maillot du club, pointes, chaussures d\u2019entra\u00eenement + \u00e9pingles \u00e0 nourrice (4 pour les dossards cross + stabilo (pour confirmation pistes), licence FFA.<\/li><\/ul>\n\n\n\n<p><strong>Les jeunes athl\u00e8tes peuvent aussi suivre des formations de jeunes arbitres ou jeunes entraineurs et participer activement au club.<\/strong><\/p>\n\n\n\n<p>Des stages et animations sont propos\u00e9s pendant la saison.<\/p>\n\n\n\n<p><\/p>\n\n\n\n<figure class=\"wp-block-gallery has-nested-images columns-default is-cropped wp-block-gallery-1 is-layout-flex wp-block-gallery-is-layout-flex\">\n<figure class=\"wp-block-image size-large\"><img loading=\"lazy\" decoding=\"async\" width=\"947\" height=\"632\" data-id=\"182\" src=\"https:\/\/orsaygifathle.fr\/wp-content\/uploads\/2022\/08\/Image11.jpg\" alt=\"\" class=\"wp-image-182\" srcset=\"https:\/\/orsaygifathle.fr\/wp-content\/uploads\/2022\/08\/Image11.jpg 947w, https:\/\/orsaygifathle.fr\/wp-content\/uploads\/2022\/08\/Image11-300x200.jpg 300w, https:\/\/orsaygifathle.fr\/wp-content\/uploads\/2022\/08\/Image11-768x513.jpg 768w, https:\/\/orsaygifathle.fr\/wp-content\/uploads\/2022\/08\/Image11-740x494.jpg 740w, https:\/\/orsaygifathle.fr\/wp-content\/uploads\/2022\/08\/Image11-600x400.jpg 600w\" sizes=\"auto, (max-width: 947px) 100vw, 947px\" \/><\/figure>\n\n\n\n<figure class=\"wp-block-image size-full\"><img loading=\"lazy\" decoding=\"async\" width=\"535\" height=\"356\" data-id=\"199\" src=\"https:\/\/orsaygifathle.fr\/wp-content\/uploads\/2022\/08\/Image10-1.jpg\" alt=\"\" class=\"wp-image-199\" srcset=\"https:\/\/orsaygifathle.fr\/wp-content\/uploads\/2022\/08\/Image10-1.jpg 535w, https:\/\/orsaygifathle.fr\/wp-content\/uploads\/2022\/08\/Image10-1-300x200.jpg 300w, https:\/\/orsaygifathle.fr\/wp-content\/uploads\/2022\/08\/Image10-1-600x400.jpg 600w\" sizes=\"auto, (max-width: 535px) 100vw, 535px\" \/><\/figure>\n\n\n\n<figure class=\"wp-block-image size-large\"><img loading=\"lazy\" decoding=\"async\" width=\"349\" height=\"502\" data-id=\"190\" src=\"https:\/\/orsaygifathle.fr\/wp-content\/uploads\/2022\/08\/Image9.jpg\" alt=\"\" class=\"wp-image-190\" srcset=\"https:\/\/orsaygifathle.fr\/wp-content\/uploads\/2022\/08\/Image9.jpg 349w, https:\/\/orsaygifathle.fr\/wp-content\/uploads\/2022\/08\/Image9-209x300.jpg 209w\" sizes=\"auto, (max-width: 349px) 100vw, 349px\" \/><\/figure>\n\n\n\n<figure class=\"wp-block-image size-large\"><img loading=\"lazy\" decoding=\"async\" width=\"479\" height=\"354\" data-id=\"189\" src=\"https:\/\/orsaygifathle.fr\/wp-content\/uploads\/2022\/08\/Image8.jpg\" alt=\"\" class=\"wp-image-189\" srcset=\"https:\/\/orsaygifathle.fr\/wp-content\/uploads\/2022\/08\/Image8.jpg 479w, https:\/\/orsaygifathle.fr\/wp-content\/uploads\/2022\/08\/Image8-300x222.jpg 300w\" sizes=\"auto, (max-width: 479px) 100vw, 479px\" \/><\/figure>\n\n\n\n<figure class=\"wp-block-image size-large\"><img loading=\"lazy\" decoding=\"async\" width=\"598\" height=\"398\" data-id=\"188\" src=\"https:\/\/orsaygifathle.fr\/wp-content\/uploads\/2022\/08\/Image7.jpg\" alt=\"\" class=\"wp-image-188\" srcset=\"https:\/\/orsaygifathle.fr\/wp-content\/uploads\/2022\/08\/Image7.jpg 598w, https:\/\/orsaygifathle.fr\/wp-content\/uploads\/2022\/08\/Image7-300x200.jpg 300w, https:\/\/orsaygifathle.fr\/wp-content\/uploads\/2022\/08\/Image7-600x400.jpg 600w\" sizes=\"auto, (max-width: 598px) 100vw, 598px\" \/><\/figure>\n\n\n\n<figure class=\"wp-block-image size-large\"><img loading=\"lazy\" decoding=\"async\" width=\"637\" height=\"425\" data-id=\"184\" src=\"https:\/\/orsaygifathle.fr\/wp-content\/uploads\/2022\/08\/Image6.jpg\" alt=\"\" class=\"wp-image-184\" srcset=\"https:\/\/orsaygifathle.fr\/wp-content\/uploads\/2022\/08\/Image6.jpg 637w, https:\/\/orsaygifathle.fr\/wp-content\/uploads\/2022\/08\/Image6-300x200.jpg 300w, https:\/\/orsaygifathle.fr\/wp-content\/uploads\/2022\/08\/Image6-600x400.jpg 600w\" sizes=\"auto, (max-width: 637px) 100vw, 637px\" \/><\/figure>\n\n\n\n<figure class=\"wp-block-image size-large\"><img loading=\"lazy\" decoding=\"async\" width=\"230\" height=\"413\" data-id=\"185\" src=\"https:\/\/orsaygifathle.fr\/wp-content\/uploads\/2022\/08\/Image5.jpg\" alt=\"\" class=\"wp-image-185\" srcset=\"https:\/\/orsaygifathle.fr\/wp-content\/uploads\/2022\/08\/Image5.jpg 230w, https:\/\/orsaygifathle.fr\/wp-content\/uploads\/2022\/08\/Image5-167x300.jpg 167w\" sizes=\"auto, (max-width: 230px) 100vw, 230px\" \/><\/figure>\n\n\n\n<figure class=\"wp-block-image size-large\"><img loading=\"lazy\" decoding=\"async\" width=\"623\" height=\"415\" data-id=\"187\" src=\"https:\/\/orsaygifathle.fr\/wp-content\/uploads\/2022\/08\/Image4.jpg\" alt=\"\" class=\"wp-image-187\" srcset=\"https:\/\/orsaygifathle.fr\/wp-content\/uploads\/2022\/08\/Image4.jpg 623w, https:\/\/orsaygifathle.fr\/wp-content\/uploads\/2022\/08\/Image4-300x200.jpg 300w, https:\/\/orsaygifathle.fr\/wp-content\/uploads\/2022\/08\/Image4-600x400.jpg 600w\" sizes=\"auto, (max-width: 623px) 100vw, 623px\" \/><\/figure>\n\n\n\n<figure class=\"wp-block-image size-large\"><img loading=\"lazy\" decoding=\"async\" width=\"1024\" height=\"963\" data-id=\"192\" src=\"https:\/\/orsaygifathle.fr\/wp-content\/uploads\/2022\/08\/a5ab3a85-7f2d-400a-a46d-693c6b2556af-1024x963.jpg\" alt=\"\" class=\"wp-image-192\" srcset=\"https:\/\/orsaygifathle.fr\/wp-content\/uploads\/2022\/08\/a5ab3a85-7f2d-400a-a46d-693c6b2556af-1024x963.jpg 1024w, https:\/\/orsaygifathle.fr\/wp-content\/uploads\/2022\/08\/a5ab3a85-7f2d-400a-a46d-693c6b2556af-300x282.jpg 300w, https:\/\/orsaygifathle.fr\/wp-content\/uploads\/2022\/08\/a5ab3a85-7f2d-400a-a46d-693c6b2556af-768x723.jpg 768w, https:\/\/orsaygifathle.fr\/wp-content\/uploads\/2022\/08\/a5ab3a85-7f2d-400a-a46d-693c6b2556af-740x696.jpg 740w, https:\/\/orsaygifathle.fr\/wp-content\/uploads\/2022\/08\/a5ab3a85-7f2d-400a-a46d-693c6b2556af.jpg 1148w\" sizes=\"auto, (max-width: 1024px) 100vw, 1024px\" \/><\/figure>\n<\/figure>\n","protected":false},"excerpt":{"rendered":"<p>Cat\u00e9gories : Benjamin(e) \u00e0 Master Apprentissage des techniques de l\u2019athl\u00e9tisme CLUB FORMATEURLicence FFA Comp\u00e9tition (toutes comp\u00e9titions et championnats)Maillot Club OBLIGATOIRE Benjamin(e)s (BEF et BEM)&#46;&#46;&#46;<\/p>\n","protected":false},"author":1,"featured_media":0,"parent":0,"menu_order":0,"comment_status":"closed","ping_status":"closed","template":"","meta":{"om_disable_all_campaigns":false,"ub_ctt_via":"","_monsterinsights_skip_tracking":false,"_monsterinsights_sitenote_active":false,"_monsterinsights_sitenote_note":"","_monsterinsights_sitenote_category":0,"footnotes":""},"class_list":["post-61","page","type-page","status-publish","hentry"],"aioseo_notices":[],"featured_image_src":null,"_links":{"self":[{"href":"https:\/\/orsaygifathle.fr\/index.php?rest_route=\/wp\/v2\/pages\/61","targetHints":{"allow":["GET"]}}],"collection":[{"href":"https:\/\/orsaygifathle.fr\/index.php?rest_route=\/wp\/v2\/pages"}],"about":[{"href":"https:\/\/orsaygifathle.fr\/index.php?rest_route=\/wp\/v2\/types\/page"}],"author":[{"embeddable":true,"href":"https:\/\/orsaygifathle.fr\/index.php?rest_route=\/wp\/v2\/users\/1"}],"replies":[{"embeddable":true,"href":"https:\/\/orsaygifathle.fr\/index.php?rest_route=%2Fwp%2Fv2%2Fcomments&post=61"}],"version-history":[{"count":4,"href":"https:\/\/orsaygifathle.fr\/index.php?rest_route=\/wp\/v2\/pages\/61\/revisions"}],"predecessor-version":[{"id":200,"href":"https:\/\/orsaygifathle.fr\/index.php?rest_route=\/wp\/v2\/pages\/61\/revisions\/200"}],"wp:attachment":[{"href":"https:\/\/orsaygifathle.fr\/index.php?rest_route=%2Fwp%2Fv2%2Fmedia&parent=61"}],"curies":[{"name":"wp","href":"https:\/\/api.w.org\/{rel}","templated":true}]}}