{"id":59,"date":"2022-06-28T23:43:03","date_gmt":"2022-06-28T23:43:03","guid":{"rendered":"https:\/\/orsaygifathle.fr\/?page_id=59"},"modified":"2022-08-03T15:07:12","modified_gmt":"2022-08-03T15:07:12","slug":"decouverte-baby-ecole-dathle-poussin","status":"publish","type":"page","link":"https:\/\/orsaygifathle.fr\/?page_id=59","title":{"rendered":"ATHLE D\u00e9couverte"},"content":{"rendered":"\n<p class=\"has-medium-font-size\"><strong>Cat\u00e9gories : Baby, Ecole d&rsquo;athl\u00e9tisme et Poussin(e)<\/strong><\/p>\n\n\n\n<p>Approche ludique des diff\u00e9rentes disciplines de l\u2019athl\u00e9tisme<br><strong>Licence FFA &nbsp;D\u00e9couverte<\/strong><br><strong>Baby athl\u00e9<\/strong> aucune comp\u00e9tition <strong>EA \/ PO<\/strong> uniquement les challenges Kids\u2019 et cross sans classement <strong>Maillot Club OBLIGATOIRE<\/strong><\/p>\n\n\n\n<p><strong>Baby-Athl\u00e9 (Bb) \u2013 de 4 \u00e0 5 ans<\/strong><br>Une activit\u00e9 de plein air pour d\u00e9velopper la coordination, la vitesse et la souplesse tout en s\u2019amusant.<br>Mat\u00e9riel adapt\u00e9. Leur apprendre \u00e0 respecter certaines r\u00e8gles de fonctionnement collectif.<br>Pas de comp\u00e9tition<\/p>\n\n\n\n<p><strong>Eveil Athl\u00e9tique (EA) \u2013 de 6 \u00e0 8 ans<\/strong><br><strong>Poussins (PO) \u2013 de 9 \u00e0 10 ans<\/strong><br>Pas de sp\u00e9cialisation des jeunes athl\u00e8tes donc la programmation des entra\u00eenements a pour objectif la pluridisciplinarit\u00e9, en faire travailler aux enfants les 3 familles de l\u2019athl\u00e9tisme (courses, sauts et lancers), sous forme ludique.<br>Participation l\u2019hiver \u00e0 quelques cross-country et au challenge d\u00e9partemental \u00ab Kid Athl\u00e9 \u00bb comp\u00e9tition sur piste avec un triathlon (une \u00e9preuve par famille) pour leur permettre de d\u00e9couvrir la comp\u00e9tition.<br>Pas de classement.<\/p>\n\n\n\n<figure class=\"wp-block-gallery aligncenter has-nested-images columns-default is-cropped wp-block-gallery-1 is-layout-flex wp-block-gallery-is-layout-flex\">\n<figure class=\"wp-block-image size-large\"><img loading=\"lazy\" decoding=\"async\" width=\"1024\" height=\"683\" data-id=\"165\" src=\"https:\/\/orsaygifathle.fr\/wp-content\/uploads\/2022\/08\/DSC_0746_2-1024x683.jpg\" alt=\"\" class=\"wp-image-165\" srcset=\"https:\/\/orsaygifathle.fr\/wp-content\/uploads\/2022\/08\/DSC_0746_2-1024x683.jpg 1024w, https:\/\/orsaygifathle.fr\/wp-content\/uploads\/2022\/08\/DSC_0746_2-300x200.jpg 300w, https:\/\/orsaygifathle.fr\/wp-content\/uploads\/2022\/08\/DSC_0746_2-768x512.jpg 768w, https:\/\/orsaygifathle.fr\/wp-content\/uploads\/2022\/08\/DSC_0746_2-1536x1024.jpg 1536w, https:\/\/orsaygifathle.fr\/wp-content\/uploads\/2022\/08\/DSC_0746_2-740x493.jpg 740w, https:\/\/orsaygifathle.fr\/wp-content\/uploads\/2022\/08\/DSC_0746_2-600x400.jpg 600w, https:\/\/orsaygifathle.fr\/wp-content\/uploads\/2022\/08\/DSC_0746_2.jpg 1620w\" sizes=\"auto, (max-width: 1024px) 100vw, 1024px\" \/><\/figure>\n\n\n\n<figure class=\"wp-block-image size-large\"><img loading=\"lazy\" decoding=\"async\" width=\"2560\" height=\"1707\" data-id=\"166\" src=\"http:\/\/orsaygifathle.fr\/wp-content\/uploads\/2022\/08\/KidAthle2021_007-scaled.jpg\" alt=\"\" class=\"wp-image-166\" srcset=\"https:\/\/orsaygifathle.fr\/wp-content\/uploads\/2022\/08\/KidAthle2021_007-scaled.jpg 2560w, https:\/\/orsaygifathle.fr\/wp-content\/uploads\/2022\/08\/KidAthle2021_007-300x200.jpg 300w, https:\/\/orsaygifathle.fr\/wp-content\/uploads\/2022\/08\/KidAthle2021_007-1024x683.jpg 1024w, https:\/\/orsaygifathle.fr\/wp-content\/uploads\/2022\/08\/KidAthle2021_007-768x512.jpg 768w\" sizes=\"auto, (max-width: 2560px) 100vw, 2560px\" \/><\/figure>\n<\/figure>\n\n\n\n<hr class=\"wp-block-separator has-alpha-channel-opacity\"\/>\n\n\n\n<p>L\u2019\u00e9quipement :<\/p>\n\n\n\n<ul class=\"wp-block-list\"><li>\u00e0 l\u2019entra\u00eenement : \u00e9quipement d\u2019athl\u00e9tisme (collant ou corsaire + veste ou sweat + gants et bonnet (hiver) + v\u00eatement de pluie + casquette (\u00e9t\u00e9) + change + eau]<\/li><li>en comp\u00e9tition : le maillot du club + les pointes (sont facultatives conseill\u00e9es qu\u2019\u00e0 partir de benjamins) + chaussures d\u2019entra\u00eenement + \u00e9pingles \u00e0 nourrice (4 pour les cross) + la licence FFA.<\/li><\/ul>\n","protected":false},"excerpt":{"rendered":"<p>Cat\u00e9gories : Baby, Ecole d&rsquo;athl\u00e9tisme et Poussin(e) Approche ludique des diff\u00e9rentes disciplines de l\u2019athl\u00e9tismeLicence FFA &nbsp;D\u00e9couverteBaby athl\u00e9 aucune comp\u00e9tition EA \/ PO uniquement les&#46;&#46;&#46;<\/p>\n","protected":false},"author":1,"featured_media":0,"parent":0,"menu_order":0,"comment_status":"closed","ping_status":"closed","template":"","meta":{"om_disable_all_campaigns":false,"ub_ctt_via":"","_monsterinsights_skip_tracking":false,"_monsterinsights_sitenote_active":false,"_monsterinsights_sitenote_note":"","_monsterinsights_sitenote_category":0,"footnotes":""},"class_list":["post-59","page","type-page","status-publish","hentry"],"aioseo_notices":[],"featured_image_src":null,"_links":{"self":[{"href":"https:\/\/orsaygifathle.fr\/index.php?rest_route=\/wp\/v2\/pages\/59","targetHints":{"allow":["GET"]}}],"collection":[{"href":"https:\/\/orsaygifathle.fr\/index.php?rest_route=\/wp\/v2\/pages"}],"about":[{"href":"https:\/\/orsaygifathle.fr\/index.php?rest_route=\/wp\/v2\/types\/page"}],"author":[{"embeddable":true,"href":"https:\/\/orsaygifathle.fr\/index.php?rest_route=\/wp\/v2\/users\/1"}],"replies":[{"embeddable":true,"href":"https:\/\/orsaygifathle.fr\/index.php?rest_route=%2Fwp%2Fv2%2Fcomments&post=59"}],"version-history":[{"count":2,"href":"https:\/\/orsaygifathle.fr\/index.php?rest_route=\/wp\/v2\/pages\/59\/revisions"}],"predecessor-version":[{"id":169,"href":"https:\/\/orsaygifathle.fr\/index.php?rest_route=\/wp\/v2\/pages\/59\/revisions\/169"}],"wp:attachment":[{"href":"https:\/\/orsaygifathle.fr\/index.php?rest_route=%2Fwp%2Fv2%2Fmedia&parent=59"}],"curies":[{"name":"wp","href":"https:\/\/api.w.org\/{rel}","templated":true}]}}