{"id":56,"date":"2022-06-28T23:42:27","date_gmt":"2022-06-28T23:42:27","guid":{"rendered":"https:\/\/orsaygifathle.fr\/?page_id=56"},"modified":"2025-09-04T10:06:47","modified_gmt":"2025-09-04T10:06:47","slug":"inscription-au-club-de-gif-sur-yvette","status":"publish","type":"page","link":"https:\/\/orsaygifathle.fr\/?page_id=56","title":{"rendered":"Inscription au club de Gif-Sur-Yvette"},"content":{"rendered":"\n<div class=\"wp-block-buttons is-content-justification-right is-layout-flex wp-container-core-buttons-is-layout-765c4724 wp-block-buttons-is-layout-flex\">\n<div class=\"wp-block-button\"><a class=\"wp-block-button__link has-black-color has-luminous-vivid-orange-background-color has-text-color has-background has-small-font-size has-custom-font-size wp-element-button\" href=\"https:\/\/orsaygifathle.fr\/?page_id=51\" style=\"border-radius:5px\"><strong>ACCUEIL GIF<\/strong><\/a><\/div>\n<\/div>\n\n\n\n<p>Les inscriptions au club peuvent se faire :<br>\u2013 Lors du forum des associations de Gif qui aura lieu au Ch\u00e2teau de Belleville (Gif Chevry), le samedi 6 Septembre 2025.<br>\u2013 Directement au stade aux horaires des entra\u00eenements (voir plus bas).<br>\u2013 En renseignant le <strong>formulaire d&rsquo;inscription t\u00e9l\u00e9chargeable<\/strong> sur cette page (formulaire <a href=\"http:\/\/orsaygifathle.fr\/wp-content\/uploads\/2025\/07\/Inscription-Mineur-2025-2026.pdf\" target=\"_blank\" rel=\"noopener\" title=\"\">Mineur<\/a> \/ <a href=\"http:\/\/orsaygifathle.fr\/wp-content\/uploads\/2025\/07\/Inscription-Majeur-2025-2026.pdf\" target=\"_blank\" rel=\"noopener\" title=\"Inscription Majeur\">Majeur<\/a>)<\/p>\n\n\n\n<p>Nous ne prenons les inscriptions qu\u2019avec des dossiers complets. <strong>Attention, sans licence, il est impossible de participer aux entra\u00eenements car aucune assurance<\/strong> ne couvre les athl\u00e8tes en cas d&rsquo;accident. Le dossier complet se compose de :<\/p>\n\n\n\n<p class=\"has-luminous-vivid-orange-color has-text-color\"><strong><em>Nouvel adh\u00e9rent :<\/em><\/strong><\/p>\n\n\n\n<p class=\"has-black-color has-text-color\">La fiche de renseignements remplie, valider le <em>Parcours de Pr\u00e9vention Sant\u00e9<\/em> sur l&rsquo;espace Athl\u00e9 de la FFA (connexion par nom d&rsquo;utilisateur et mot de passe provisoire communiqu\u00e9s lors de l&rsquo;inscription), du r\u00e8glement complet de la cotisation (voir plus bas).<\/p>\n\n\n\n<p><\/p>\n\n\n\n<p class=\"has-luminous-vivid-orange-color has-text-color\"><strong><em>Renouvellement :<\/em><\/strong><\/p>\n\n\n\n<p>La fiche renseignements remplie, valider le <em>Parcours de Pr\u00e9vention Sant\u00e9<\/em> sur l&rsquo;espace Athl\u00e9 de la FFA (connexion par num\u00e9ro de licence et mot de passe), du r\u00e8glement complet de la cotisation (voir plus bas).<\/p>\n\n\n\n<p><\/p>\n\n\n\n<p class=\"has-luminous-vivid-orange-color has-text-color\"><strong><em>Cas particulier des mutations :<\/em><\/strong><\/p>\n\n\n\n<p>Si vous \u00e9tiez licenci\u00e9 dans un autre club la saison pr\u00e9c\u00e9dente, la FFA nous impose des frais de mutation fixe de 80\u20ac obligatoire. Le co\u00fbt de la cotisation ne prend pas en charge ces frais, aussi, nous vous demanderons de participer \u00e0 hauteur de 50% de ces frais suppl\u00e9mentaires.<br>Pour les mutations d\u2019athl\u00e8tes class\u00e9s, merci de nous contacter \u00e0 l\u2019avance pour discuter du prix de la mutation.<\/p>\n\n\n\n<p class=\"has-luminous-vivid-orange-color has-text-color\"><strong><em>Horaires et Cotisations :<\/em><\/strong><\/p>\n\n\n\n<figure class=\"wp-block-image size-large\"><img loading=\"lazy\" decoding=\"async\" width=\"1024\" height=\"542\" src=\"https:\/\/orsaygifathle.fr\/wp-content\/uploads\/2025\/06\/image-2-1024x542.png\" alt=\"\" class=\"wp-image-752\" srcset=\"https:\/\/orsaygifathle.fr\/wp-content\/uploads\/2025\/06\/image-2-1024x542.png 1024w, https:\/\/orsaygifathle.fr\/wp-content\/uploads\/2025\/06\/image-2-300x159.png 300w, https:\/\/orsaygifathle.fr\/wp-content\/uploads\/2025\/06\/image-2-768x406.png 768w, https:\/\/orsaygifathle.fr\/wp-content\/uploads\/2025\/06\/image-2-740x392.png 740w, https:\/\/orsaygifathle.fr\/wp-content\/uploads\/2025\/06\/image-2.png 1497w\" sizes=\"auto, (max-width: 1024px) 100vw, 1024px\" \/><\/figure>\n\n\n\n<p><\/p>\n\n\n\n<p><strong><span style=\"text-decoration: underline;\">Reprise de l&rsquo;entrainement :<\/span><\/strong> semaine du <strong>lundi 8 septembre 2025<\/strong>.<\/p>\n","protected":false},"excerpt":{"rendered":"<p>Les inscriptions au club peuvent se faire :\u2013 Lors du forum des associations de Gif qui aura lieu au Ch\u00e2teau de Belleville (Gif Chevry),&#46;&#46;&#46;<\/p>\n","protected":false},"author":1,"featured_media":0,"parent":0,"menu_order":0,"comment_status":"closed","ping_status":"closed","template":"","meta":{"om_disable_all_campaigns":false,"ub_ctt_via":"","_monsterinsights_skip_tracking":false,"_monsterinsights_sitenote_active":false,"_monsterinsights_sitenote_note":"","_monsterinsights_sitenote_category":0,"footnotes":""},"class_list":["post-56","page","type-page","status-publish","hentry"],"aioseo_notices":[],"featured_image_src":null,"_links":{"self":[{"href":"https:\/\/orsaygifathle.fr\/index.php?rest_route=\/wp\/v2\/pages\/56","targetHints":{"allow":["GET"]}}],"collection":[{"href":"https:\/\/orsaygifathle.fr\/index.php?rest_route=\/wp\/v2\/pages"}],"about":[{"href":"https:\/\/orsaygifathle.fr\/index.php?rest_route=\/wp\/v2\/types\/page"}],"author":[{"embeddable":true,"href":"https:\/\/orsaygifathle.fr\/index.php?rest_route=\/wp\/v2\/users\/1"}],"replies":[{"embeddable":true,"href":"https:\/\/orsaygifathle.fr\/index.php?rest_route=%2Fwp%2Fv2%2Fcomments&post=56"}],"version-history":[{"count":46,"href":"https:\/\/orsaygifathle.fr\/index.php?rest_route=\/wp\/v2\/pages\/56\/revisions"}],"predecessor-version":[{"id":806,"href":"https:\/\/orsaygifathle.fr\/index.php?rest_route=\/wp\/v2\/pages\/56\/revisions\/806"}],"wp:attachment":[{"href":"https:\/\/orsaygifathle.fr\/index.php?rest_route=%2Fwp%2Fv2%2Fmedia&parent=56"}],"curies":[{"name":"wp","href":"https:\/\/api.w.org\/{rel}","templated":true}]}}

<div class="wp-block-buttons is-content-justification-right is-layout-flex wp-container-core-buttons-is-layout-765c4724 wp-block-buttons-is-layout-flex">
<div class="wp-block-button"><a class="wp-block-button__link has-black-color has-luminous-vivid-orange-background-color has-text-color has-background has-small-font-size has-custom-font-size wp-element-button" href="https://orsaygifathle.fr/?page_id=51" style="border-radius:5px"><strong>ACCUEIL GIF</strong></a></div>
</div>



<p>Les inscriptions au club peuvent se faire :<br>– Lors du forum des associations de Gif qui aura lieu au Château de Belleville (Gif Chevry), le samedi 6 Septembre 2025.<br>– Directement au stade aux horaires des entraînements (voir plus bas).<br>– En renseignant le <strong>formulaire d&rsquo;inscription téléchargeable</strong> sur cette page (formulaire <a href="http://orsaygifathle.fr/wp-content/uploads/2025/07/Inscription-Mineur-2025-2026.pdf" target="_blank" rel="noopener" title="">Mineur</a> / <a href="http://orsaygifathle.fr/wp-content/uploads/2025/07/Inscription-Majeur-2025-2026.pdf" target="_blank" rel="noopener" title="Inscription Majeur">Majeur</a>)</p>



<p>Nous ne prenons les inscriptions qu’avec des dossiers complets. <strong>Attention, sans licence, il est impossible de participer aux entraînements car aucune assurance</strong> ne couvre les athlètes en cas d&rsquo;accident. Le dossier complet se compose de :</p>



<p class="has-luminous-vivid-orange-color has-text-color"><strong><em>Nouvel adhérent :</em></strong></p>



<p class="has-black-color has-text-color">La fiche de renseignements remplie, valider le <em>Parcours de Prévention Santé</em> sur l&rsquo;espace Athlé de la FFA (connexion par nom d&rsquo;utilisateur et mot de passe provisoire communiqués lors de l&rsquo;inscription), du règlement complet de la cotisation (voir plus bas).</p>



<p></p>



<p class="has-luminous-vivid-orange-color has-text-color"><strong><em>Renouvellement :</em></strong></p>



<p>La fiche renseignements remplie, valider le <em>Parcours de Prévention Santé</em> sur l&rsquo;espace Athlé de la FFA (connexion par numéro de licence et mot de passe), du règlement complet de la cotisation (voir plus bas).</p>



<p></p>



<p class="has-luminous-vivid-orange-color has-text-color"><strong><em>Cas particulier des mutations :</em></strong></p>



<p>Si vous étiez licencié dans un autre club la saison précédente, la FFA nous impose des frais de mutation fixe de 80€ obligatoire. Le coût de la cotisation ne prend pas en charge ces frais, aussi, nous vous demanderons de participer à hauteur de 50% de ces frais supplémentaires.<br>Pour les mutations d’athlètes classés, merci de nous contacter à l’avance pour discuter du prix de la mutation.</p>



<p class="has-luminous-vivid-orange-color has-text-color"><strong><em>Horaires et Cotisations :</em></strong></p>



<figure class="wp-block-image size-large"><img loading="lazy" decoding="async" width="1024" height="542" src="https://orsaygifathle.fr/wp-content/uploads/2025/06/image-2-1024x542.png" alt="" class="wp-image-752" srcset="https://orsaygifathle.fr/wp-content/uploads/2025/06/image-2-1024x542.png 1024w, https://orsaygifathle.fr/wp-content/uploads/2025/06/image-2-300x159.png 300w, https://orsaygifathle.fr/wp-content/uploads/2025/06/image-2-768x406.png 768w, https://orsaygifathle.fr/wp-content/uploads/2025/06/image-2-740x392.png 740w, https://orsaygifathle.fr/wp-content/uploads/2025/06/image-2.png 1497w" sizes="auto, (max-width: 1024px) 100vw, 1024px" /></figure>



<p></p>



<p><strong><span style="text-decoration: underline;">Reprise de l&rsquo;entrainement :</span></strong> semaine du <strong>lundi 8 septembre 2025</strong>.</p>

<p>Les inscriptions au club peuvent se faire :– Lors du forum des associations de Gif qui aura lieu au Château de Belleville (Gif Chevry),&#46;&#46;&#46;</p>
