{"id":53,"date":"2022-06-28T23:42:40","date_gmt":"2022-06-28T23:42:40","guid":{"rendered":"https:\/\/orsaygifathle.fr\/?page_id=53"},"modified":"2025-08-20T06:51:40","modified_gmt":"2025-08-20T06:51:40","slug":"inscription-au-club-dorsay","status":"publish","type":"page","link":"https:\/\/orsaygifathle.fr\/?page_id=53","title":{"rendered":"Inscription au club d&rsquo;Orsay"},"content":{"rendered":"\n<p><strong>Dates cl\u00e9s pour la saison 2025-2026 :<\/strong><\/p>\n\n\n\n<p>D\u00e9couvrez les \u00e9v\u00e9nements d&rsquo;animation et de d\u00e9couverte de l&rsquo;athl\u00e9tisme \u00e0 ne pas manquer en cette rentr\u00e9e :<\/p>\n\n\n\n<ul class=\"wp-block-list\">\n<li><strong>Dimanche 7 septembre 2025<\/strong> : Journ\u00e9e des Associations \u00e0 Orsay.<\/li>\n\n\n\n<li><strong>Samedi 20 septembre 2025<\/strong> : \u00ab Kinder Joy of Moving Athletics Day 2025 \u00bb au Stade. <a href=\"https:\/\/www.athle.fr\/asp.net\/main.html\/html.aspx?htmlid=5386\" target=\"_blank\" rel=\"noopener\" title=\"\">(infos)<\/a><\/li>\n\n\n\n<li><strong>Samedi 4 octobre 2025<\/strong> (de 09h \u00e0 10h30) : \u00ab Run 2K 2025 \u00bb \u00e0 Orsay <a href=\"https:\/\/www.jaimecourir.fr\/run2kchallenge.aspx\" target=\"_blank\" rel=\"noopener\" title=\"\">(infos)<\/a><\/li>\n\n\n\n<li><strong>Samedi 4 octobre 2025<\/strong> : \u00ab Journ\u00e9e Nationale de la Marche Nordique \u00bb au boulodrome. <a href=\"https:\/\/www.athle.fr\/asp.net\/main.html\/html.aspx?htmlid=5644\" target=\"_blank\" rel=\"noopener\" title=\"\">(infos)<\/a><\/li>\n<\/ul>\n\n\n\n<p>Plus d&rsquo;informations sur nos r\u00e9seaux, restez connect\u00e9s !<\/p>\n\n\n\n<p><\/p>\n\n\n\n<p class=\"has-text-align-center\"><strong><mark style=\"background-color:#ff6900\" class=\"has-inline-color\">\ud83c\udf89 Prise de licence 2025-2026<\/mark><\/strong><br>Les formulaires d&rsquo;inscription pour la saison 2025-2026 sont d\u00e9sormais disponibles ! \ud83d\udcdd<br>Que vous soyez un\u00b7e nouvel\u00b7le athl\u00e8te ou d\u00e9j\u00e0 membre du club, c\u2019est le moment de pr\u00e9parer votre rentr\u00e9e sportive.<\/p>\n\n\n\n<p class=\"has-text-align-center\">\ud83d\udce9 <strong>Une question ?<\/strong><br>N&rsquo;h\u00e9sitez pas \u00e0 nous \u00e9crire \u00e0 l\u2019adresse suivante : <strong><a>cao.athle@gmail.com<\/a><\/strong><br>Nous vous r\u00e9pondrons avec plaisir !<\/p>\n\n\n\n<p>Pour rejoindre le club Orsay Gif Athl\u00e9, t\u00e9l\u00e9chargez le formulaire d&rsquo;adh\u00e9sion correspondant \u00e0 votre cat\u00e9gorie. Remplissez-le soigneusement, puis soumettez-le via le lien de paiement.<\/p>\n\n\n\n<div class=\"wp-block-group\"><div class=\"wp-block-group__inner-container is-layout-flow wp-block-group-is-layout-flow\">\n<div class=\"wp-block-columns is-layout-flex wp-container-core-columns-is-layout-9d6595d7 wp-block-columns-is-layout-flex\">\n<div class=\"wp-block-column is-layout-flow wp-block-column-is-layout-flow\" style=\"flex-basis:100%\"><\/div>\n<\/div>\n<\/div><\/div>\n\n\n<div style=\"gap: 20px;\" class=\"align-button-center ub-buttons orientation-button-row ub-flex-wrap wp-block-ub-button\" id=\"ub-button-2cbf55d0-3337-4f72-874d-3746c9b2fc16\"><div class=\"ub-button-container\">\n\t\t\t<a href=\"http:\/\/orsaygifathle.fr\/wp-content\/uploads\/2025\/07\/demande_licence_ufolep_baby_-test.pdf\" target=\"_blank\" rel=\"noopener noreferrer  nofollow \" class=\"ub-button-block-main ub-button-medium   ub-button-flex-medium\" role=\"button\" style=\"--ub-button-background-color: rgb(50, 55, 60); --ub-button-color: rgb(255, 255, 255); --ub-button-border: none; --ub-button-hover-background-color: #313131; --ub-button-hover-color: #ffffff; --ub-button-hover-border: none; border-top-left-radius: 0px;; border-top-right-radius: 0px;; border-bottom-left-radius: 0px;; border-bottom-right-radius: 0px;; \">\n\t\t\t\t<div class=\"ub-button-content-holder\" style=\"flex-direction: row\">\n\t\t\t\t\t<span class=\"ub-button-block-btn\">Formulaire Baby (4 \u00e0 5 ans)<\/span>\n\t\t\t\t<\/div>\n\t\t\t<\/a>\n\t\t<\/div><div class=\"ub-button-container\">\n\t\t\t<a href=\"http:\/\/orsaygifathle.fr\/wp-content\/uploads\/2025\/08\/OGA_a_pre_remplir-EA-PO.pdf\" target=\"_blank\" rel=\"noopener noreferrer  nofollow \" class=\"ub-button-block-main ub-button-medium   ub-button-flex-medium\" role=\"button\" style=\"--ub-button-background-color: rgb(50, 55, 60); --ub-button-color: rgb(255, 255, 255); --ub-button-border: none; --ub-button-hover-background-color: #313131; --ub-button-hover-color: #ffffff; --ub-button-hover-border: none; border-top-left-radius: 0px;; border-top-right-radius: 0px;; border-bottom-left-radius: 0px;; border-bottom-right-radius: 0px;; \">\n\t\t\t\t<div class=\"ub-button-content-holder\" style=\"flex-direction: row\">\n\t\t\t\t\t<span class=\"ub-button-block-btn\">Formulaire EA\/PO (6-10ans) &#8211; 2015 \u00e0 2019<\/span>\n\t\t\t\t<\/div>\n\t\t\t<\/a>\n\t\t<\/div><div class=\"ub-button-container\">\n\t\t\t<a href=\"http:\/\/orsaygifathle.fr\/wp-content\/uploads\/2025\/08\/OGA_a_pre_remplir-BE-MI.pdf\" target=\"_blank\" rel=\"noopener noreferrer  nofollow \" class=\"ub-button-block-main ub-button-medium   ub-button-flex-medium\" role=\"button\" style=\"--ub-button-background-color: rgb(50, 55, 60); --ub-button-color: rgb(255, 255, 255); --ub-button-border: none; --ub-button-hover-background-color: #313131; --ub-button-hover-color: #ffffff; --ub-button-hover-border: none; border-top-left-radius: 0px;; border-top-right-radius: 0px;; border-bottom-left-radius: 0px;; border-bottom-right-radius: 0px;; \">\n\t\t\t\t<div class=\"ub-button-content-holder\" style=\"flex-direction: row\">\n\t\t\t\t\t<span class=\"ub-button-block-btn\">Formulaire BE\/MIN (11-14 ans) &#8211; 2011 \u00e0 2014<\/span>\n\t\t\t\t<\/div>\n\t\t\t<\/a>\n\t\t<\/div><div class=\"ub-button-container\">\n\t\t\t<a href=\"http:\/\/orsaygifathle.fr\/wp-content\/uploads\/2025\/07\/OGA_a_pre_remplir-Cadet-a-Master-competition-2025-2026.pdf\" target=\"_blank\" rel=\"noopener noreferrer  nofollow \" class=\"ub-button-block-main ub-button-medium   ub-button-flex-medium\" role=\"button\" style=\"--ub-button-background-color: rgb(50, 55, 60); --ub-button-color: rgb(255, 255, 255); --ub-button-border: none; --ub-button-hover-background-color: #313131; --ub-button-hover-color: #ffffff; --ub-button-hover-border: none; border-top-left-radius: 0px;; border-top-right-radius: 0px;; border-bottom-left-radius: 0px;; border-bottom-right-radius: 0px;; \">\n\t\t\t\t<div class=\"ub-button-content-holder\" style=\"flex-direction: row\">\n\t\t\t\t\t<span class=\"ub-button-block-btn\">Formulaire (cadet \u00e0 master) &#8211; Running- Loisir &#8211; 2010 et avant <\/span>\n\t\t\t\t<\/div>\n\t\t\t<\/a>\n\t\t<\/div><div class=\"ub-button-container\">\n\t\t\t<a href=\"http:\/\/orsaygifathle.fr\/wp-content\/uploads\/2025\/07\/demande_licence_ufolep_marche-nordique_-test-.pdf\" target=\"_blank\" rel=\"noopener noreferrer  nofollow \" class=\"ub-button-block-main ub-button-medium   ub-button-flex-medium\" role=\"button\" style=\"--ub-button-background-color: #313131; --ub-button-color: #ffffff; --ub-button-border: none; --ub-button-hover-background-color: #313131; --ub-button-hover-color: #ffffff; --ub-button-hover-border: none; border-top-left-radius: 10px;; border-top-right-radius: 10px;; border-bottom-left-radius: 10px;; border-bottom-right-radius: 10px;; \">\n\t\t\t\t<div class=\"ub-button-content-holder\" style=\"flex-direction: row\">\n\t\t\t\t\t<span class=\"ub-button-block-btn\">Formulaire Marche<\/span>\n\t\t\t\t<\/div>\n\t\t\t<\/a>\n\t\t<\/div><\/div>\n\n\n<p class=\"has-medium-font-size\"><\/p>\n\n\n\n<figure class=\"wp-block-image size-large\"><img loading=\"lazy\" decoding=\"async\" width=\"1024\" height=\"724\" src=\"https:\/\/orsaygifathle.fr\/wp-content\/uploads\/2025\/07\/2025-2026_HorairesCotisations-1024x724.png\" alt=\"\" class=\"wp-image-779\" srcset=\"https:\/\/orsaygifathle.fr\/wp-content\/uploads\/2025\/07\/2025-2026_HorairesCotisations-1024x724.png 1024w, https:\/\/orsaygifathle.fr\/wp-content\/uploads\/2025\/07\/2025-2026_HorairesCotisations-300x212.png 300w, https:\/\/orsaygifathle.fr\/wp-content\/uploads\/2025\/07\/2025-2026_HorairesCotisations-768x543.png 768w, https:\/\/orsaygifathle.fr\/wp-content\/uploads\/2025\/07\/2025-2026_HorairesCotisations-1536x1086.png 1536w, https:\/\/orsaygifathle.fr\/wp-content\/uploads\/2025\/07\/2025-2026_HorairesCotisations-2048x1448.png 2048w, https:\/\/orsaygifathle.fr\/wp-content\/uploads\/2025\/07\/2025-2026_HorairesCotisations-740x523.png 740w\" sizes=\"auto, (max-width: 1024px) 100vw, 1024px\" \/><\/figure>\n","protected":false},"excerpt":{"rendered":"<p>Dates cl\u00e9s pour la saison 2025-2026 : D\u00e9couvrez les \u00e9v\u00e9nements d&rsquo;animation et de d\u00e9couverte de l&rsquo;athl\u00e9tisme \u00e0 ne pas manquer en cette rentr\u00e9e :&#46;&#46;&#46;<\/p>\n","protected":false},"author":1,"featured_media":0,"parent":0,"menu_order":0,"comment_status":"closed","ping_status":"closed","template":"","meta":{"om_disable_all_campaigns":false,"ub_ctt_via":"","_monsterinsights_skip_tracking":false,"_monsterinsights_sitenote_active":false,"_monsterinsights_sitenote_note":"","_monsterinsights_sitenote_category":0,"footnotes":""},"class_list":["post-53","page","type-page","status-publish","hentry"],"aioseo_notices":[],"featured_image_src":null,"_links":{"self":[{"href":"https:\/\/orsaygifathle.fr\/index.php?rest_route=\/wp\/v2\/pages\/53","targetHints":{"allow":["GET"]}}],"collection":[{"href":"https:\/\/orsaygifathle.fr\/index.php?rest_route=\/wp\/v2\/pages"}],"about":[{"href":"https:\/\/orsaygifathle.fr\/index.php?rest_route=\/wp\/v2\/types\/page"}],"author":[{"embeddable":true,"href":"https:\/\/orsaygifathle.fr\/index.php?rest_route=\/wp\/v2\/users\/1"}],"replies":[{"embeddable":true,"href":"https:\/\/orsaygifathle.fr\/index.php?rest_route=%2Fwp%2Fv2%2Fcomments&post=53"}],"version-history":[{"count":42,"href":"https:\/\/orsaygifathle.fr\/index.php?rest_route=\/wp\/v2\/pages\/53\/revisions"}],"predecessor-version":[{"id":802,"href":"https:\/\/orsaygifathle.fr\/index.php?rest_route=\/wp\/v2\/pages\/53\/revisions\/802"}],"wp:attachment":[{"href":"https:\/\/orsaygifathle.fr\/index.php?rest_route=%2Fwp%2Fv2%2Fmedia&parent=53"}],"curies":[{"name":"wp","href":"https:\/\/api.w.org\/{rel}","templated":true}]}}