{"id":51,"date":"2022-06-28T23:41:57","date_gmt":"2022-06-28T23:41:57","guid":{"rendered":"https:\/\/orsaygifathle.fr\/?page_id=51"},"modified":"2026-02-17T15:08:39","modified_gmt":"2026-02-17T15:08:39","slug":"presentation-du-club-de-gif-sur-yvette","status":"publish","type":"page","link":"https:\/\/orsaygifathle.fr\/?page_id=51","title":{"rendered":"Pr\u00e9sentation du club de Gif-Sur-Yvette"},"content":{"rendered":"\n<div class=\"wp-block-media-text alignwide is-stacked-on-mobile is-vertically-aligned-bottom is-image-fill-element\" style=\"grid-template-columns:54% auto\"><figure class=\"wp-block-media-text__media\"><img loading=\"lazy\" decoding=\"async\" width=\"1024\" height=\"768\" src=\"http:\/\/orsaygifathle.fr\/wp-content\/uploads\/2023\/10\/Tentes-OGA-1-1024x768.jpeg\" alt=\"\" class=\"wp-image-349 size-full\" style=\"object-position:0% 0%\" srcset=\"https:\/\/orsaygifathle.fr\/wp-content\/uploads\/2023\/10\/Tentes-OGA-1-1024x768.jpeg 1024w, https:\/\/orsaygifathle.fr\/wp-content\/uploads\/2023\/10\/Tentes-OGA-1-300x225.jpeg 300w, https:\/\/orsaygifathle.fr\/wp-content\/uploads\/2023\/10\/Tentes-OGA-1-768x576.jpeg 768w, https:\/\/orsaygifathle.fr\/wp-content\/uploads\/2023\/10\/Tentes-OGA-1-1536x1152.jpeg 1536w, https:\/\/orsaygifathle.fr\/wp-content\/uploads\/2023\/10\/Tentes-OGA-1-740x555.jpeg 740w, https:\/\/orsaygifathle.fr\/wp-content\/uploads\/2023\/10\/Tentes-OGA-1.jpeg 1984w\" sizes=\"auto, (max-width: 1024px) 100vw, 1024px\" \/><\/figure><div class=\"wp-block-media-text__content\">\n<div class=\"wp-block-buttons is-horizontal is-content-justification-center is-layout-flex wp-container-core-buttons-is-layout-499968f5 wp-block-buttons-is-layout-flex\">\n<div class=\"wp-block-button\"><a class=\"wp-block-button__link has-black-color has-luminous-vivid-orange-background-color has-text-color has-background has-small-font-size has-custom-font-size wp-element-button\" href=\"https:\/\/orsaygifathle.fr\/?page_id=56\" style=\"border-radius:5px\"><strong>INSCRIPTION<\/strong><\/a><\/div>\n<\/div>\n\n\n\n<p><\/p>\n\n\n\n<div class=\"wp-block-buttons is-content-justification-center is-layout-flex wp-container-core-buttons-is-layout-16018d1d wp-block-buttons-is-layout-flex\">\n<div class=\"wp-block-button\"><a class=\"wp-block-button__link has-black-color has-luminous-vivid-orange-background-color has-text-color has-background has-small-font-size has-custom-font-size wp-element-button\" href=\"https:\/\/orsaygifathle.fr\/?page_id=65\" style=\"border-radius:5px\"><strong>ENTRAINEMENTS<\/strong><\/a><\/div>\n<\/div>\n\n\n\n<p><\/p>\n\n\n\n<div class=\"wp-block-buttons is-content-justification-center is-layout-flex wp-container-core-buttons-is-layout-16018d1d wp-block-buttons-is-layout-flex\">\n<div class=\"wp-block-button\"><a class=\"wp-block-button__link has-black-color has-luminous-vivid-orange-background-color has-text-color has-background has-small-font-size has-custom-font-size wp-element-button\" href=\"https:\/\/orsaygifathle.fr\/?page_id=112\" style=\"border-radius:5px\"><strong>CALENDRIER 202<\/strong>5<strong>-202<\/strong>6<\/a><\/div>\n<\/div>\n<\/div><\/div>\n\n\n\n<p><\/p>\n\n\n\n<p>Venez pratiquer l\u2019athl\u00e9tisme sous toutes ses formes au sein de notre club h\u00e9berg\u00e9 dans l&rsquo;\u00e9crin du stade de Gif-Sur-Yvette.<br>Les activit\u00e9s sont regroup\u00e9es selon l\u2019organisation suivante&nbsp;:<\/p>\n\n\n\n<p><\/p>\n\n\n\n<p class=\"has-luminous-vivid-orange-color has-text-color\"><strong>\u00c9veil Athl\u00e9tique &#8211; Poussins de 7 \u00e0 10 ans&nbsp;(EA-PO) :<\/strong><\/p>\n\n\n\n<p>L\u2019accent est mis sur le passage \u00e0 une motricit\u00e9 athl\u00e9tique au moyen d\u2019exercices vari\u00e9s bas\u00e9s sur le jeu. On y m\u00ealera au travers d\u2019une pratique diversifi\u00e9e et la plus large possible, l\u2019apprentissage de la <strong>ma\u00eetrise gestuelle<\/strong> (coordination, \u00e9quilibre, etc.), le d\u00e9veloppement des <strong>qualit\u00e9s physiques<\/strong> (la rythmicit\u00e9, la vitesse de r\u00e9action, la souplesse, l\u2019endurance, etc.) et la mise en place des pr\u00e9requis de l\u2019athl\u00e9tisme, appel\u00e9s les <strong>fondamentaux <\/strong>(qui pr\u00e9parent \u00e0 l\u2019apprentissage des techniques de notre sport).<\/p>\n\n\n\n<p><\/p>\n\n\n\n<p class=\"has-luminous-vivid-orange-color has-text-color\"><strong>Benjamins &#8211; Minimes de 11 \u00e0 14 ans (BE-MI)&nbsp;:<\/strong><\/p>\n\n\n\n<p>Durant ces 4 ann\u00e9es de formation, il va recevoir une formation compl\u00e8te lui permettant d\u2019exploiter son potentiel physiologique et d\u2019acqu\u00e9rir les <strong>fondamentaux des diff\u00e9rentes disciplines de l\u2019athl\u00e9tisme<\/strong>. Au cours des diff\u00e9rents cycles d\u2019apprentissage propos\u00e9s par le club, il aura l\u2019occasion de d\u00e9couvrir l\u2019ensemble des \u00e9preuves du premier sport olympique tout en pratiquant un athl\u00e9tisme adapt\u00e9, motivant et formateur qui le conduira progressivement et sereinement \u00e0 l\u2019athl\u00e9tisme culturel que nous connaissons tous.<\/p>\n\n\n\n<p><\/p>\n\n\n\n<p class=\"has-luminous-vivid-orange-color has-text-color\"><strong>\u00c0 partir de 15 ans (CA-JU-ES-SE)&nbsp;:<\/strong><\/p>\n\n\n\n<p>La pratique commence \u00e0 se sp\u00e9cialiser avec l\u2019orientation vers les \u00e9preuves de sprints, haies, sauts, lancers \u00e9preuves combin\u00e9es ou le demi-fond. Pour cela, 2 groupes sont propos\u00e9s : l\u2019un orient\u00e9 sprint, haies, sauts, lancers et l\u2019autre demi-fond. 3 entrainements sont propos\u00e9s afin de travailler en profondeur et faire progresser l\u2019athl\u00e8te.<\/p>\n\n\n\n<p><\/p>\n\n\n\n<p class=\"has-luminous-vivid-orange-color has-text-color\"><strong>Groupe Running<strong> (CA-JU-ES-SE-MA)<\/strong>&nbsp;:<\/strong><\/p>\n\n\n\n<p>Ce groupe est plus particuli\u00e8rement destin\u00e9 aux adultes qui souhaitent pratiquer le running ou les pratiques hors stade (courses sur route, nature, trail). Quelque soit votre niveau, vous b\u00e9n\u00e9ficiez du travail d\u2019un coach sp\u00e9cialis\u00e9 et d\u2019un groupe d\u2019entrainement. En d\u00e9finissant votre projet avec l\u2019entraineur, celui-ci vous pr\u00e9parera un plan d\u2019entrainement personnalis\u00e9 afin de vous amener \u00e0 votre objectif.<\/p>\n\n\n\n<p>Des sorties en groupe sur les courses sont organis\u00e9es.<\/p>\n\n\n\n<p><\/p>\n\n\n\n<p><\/p>\n\n\n\n<p class=\"has-luminous-vivid-orange-color has-text-color\"><strong>Organisation&nbsp;:<\/strong><\/p>\n\n\n\n<p>Depuis 2019, nous formons une entente avec le club d\u2019Orsay (OGA : Orsay Gif Athl\u00e9). Chaque section \u00e0 son ind\u00e9pendance pour les entrainements (avec des passerelles pour certaines disciplines faites ensemble, comme le saut \u00e0 la perche). Lors des comp\u00e9titions, nous sommes regroup\u00e9s sous le m\u00eame maillot et les m\u00eames \u00e9quipes. Ceci permet, par exemple, de pr\u00e9senter des relais, des \u00e9quipes pour les jeunes en EquipAthl\u00e9 et aussi de participer aux Interclubs en Nationale 2.<\/p>\n\n\n\n<p>Tous les entrainements se d\u00e9roulent sur la piste d\u2019athl\u00e9tisme du stade situ\u00e9 dans le <strong>Parc Sportif Michel Pelchat<\/strong> \u00e0 cot\u00e9 de la mairie (Gif Vall\u00e9e). S&rsquo;y rendre : <a href=\"https:\/\/goo.gl\/maps\/YdkWrQyA2AgkSbPUA\" target=\"_blank\" rel=\"noopener\" title=\"\">Cliquer ici<\/a><\/p>\n\n\n\n<p><\/p>\n\n\n\n<p>Pour tous renseignements vous pouvez contacter&nbsp;:<\/p>\n\n\n\n<p class=\"has-luminous-vivid-orange-color has-text-color\"><strong>Bureau :<\/strong><\/p>\n\n\n\n<p>Pr\u00e9sident\u00a0: <strong>Anthony Barb\u00e9<\/strong> \u2013 <a href=\"anthony.ocgifathle91@gmail.com\" title=\"\">anthony.ocgifathle91@gmail.com<\/a><br>Vice-Pr\u00e9sidente : <strong>Fatmat\u00fcl Pralong<\/strong> \u2013 <a href=\"f.pralong@yahoo.fr\" title=\"\">f.pralong@yahoo.fr<\/a><br>Tr\u00e9sori\u00e8re\u00a0: <strong>Rocel Rosa<\/strong> \u2013 <a href=\"mailto:rocel91@hotmail.fr\" title=\"\">rocel91@hotmail.fr<\/a><br>Vice-Tr\u00e9sorier : <strong>Walid Boulenouar<\/strong> \u2013 <a href=\"waliboulen@gmail.com\" title=\"\">waliboulen@gmail.com<\/a><br>Secr\u00e9taire\u00a0: <strong>Franck Beaurenaud<\/strong> \u2013 <a href=\"mailto:beaurenaud@gmail.com\" title=\"\">beaurenaud@gmail.com<\/a><br>Vice-Secr\u00e9taire : <strong>Martine Le Breton<\/strong> \u2013 <a href=\"le-breton.martine@orange.fr\" title=\"\">le-breton.martine@orange.fr<\/a><br>Communication\/R\u00e9f\u00e9rente S\u00e9curit\u00e9 &amp; VSS : <strong>Fatmat\u00fcl Pralong<\/strong> \u2013 <a href=\"f.pralong@yahoo.fr\" title=\"\">f.pralong@yahoo.fr<\/a><br>Membre : <strong>Zo\u00e9 Beaurenaud<\/strong> &#8211; <a href=\"zbeaurenaud@gmail.com\" title=\"\">zbeaurenaud@gmail.com<\/a><\/p>\n\n\n\n<div class=\"wp-block-buttons is-layout-flex wp-block-buttons-is-layout-flex\"><\/div>\n\n\n\n<p><\/p>\n","protected":false},"excerpt":{"rendered":"<p>Venez pratiquer l\u2019athl\u00e9tisme sous toutes ses formes au sein de notre club h\u00e9berg\u00e9 dans l&rsquo;\u00e9crin du stade de Gif-Sur-Yvette.Les activit\u00e9s sont regroup\u00e9es selon l\u2019organisation&#46;&#46;&#46;<\/p>\n","protected":false},"author":1,"featured_media":0,"parent":0,"menu_order":0,"comment_status":"closed","ping_status":"closed","template":"","meta":{"om_disable_all_campaigns":false,"ub_ctt_via":"","_monsterinsights_skip_tracking":false,"_monsterinsights_sitenote_active":false,"_monsterinsights_sitenote_note":"","_monsterinsights_sitenote_category":0,"footnotes":""},"class_list":["post-51","page","type-page","status-publish","hentry"],"aioseo_notices":[],"featured_image_src":null,"_links":{"self":[{"href":"https:\/\/orsaygifathle.fr\/index.php?rest_route=\/wp\/v2\/pages\/51","targetHints":{"allow":["GET"]}}],"collection":[{"href":"https:\/\/orsaygifathle.fr\/index.php?rest_route=\/wp\/v2\/pages"}],"about":[{"href":"https:\/\/orsaygifathle.fr\/index.php?rest_route=\/wp\/v2\/types\/page"}],"author":[{"embeddable":true,"href":"https:\/\/orsaygifathle.fr\/index.php?rest_route=\/wp\/v2\/users\/1"}],"replies":[{"embeddable":true,"href":"https:\/\/orsaygifathle.fr\/index.php?rest_route=%2Fwp%2Fv2%2Fcomments&post=51"}],"version-history":[{"count":28,"href":"https:\/\/orsaygifathle.fr\/index.php?rest_route=\/wp\/v2\/pages\/51\/revisions"}],"predecessor-version":[{"id":840,"href":"https:\/\/orsaygifathle.fr\/index.php?rest_route=\/wp\/v2\/pages\/51\/revisions\/840"}],"wp:attachment":[{"href":"https:\/\/orsaygifathle.fr\/index.php?rest_route=%2Fwp%2Fv2%2Fmedia&parent=51"}],"curies":[{"name":"wp","href":"https:\/\/api.w.org\/{rel}","templated":true}]}}

Présentation du club de Gif-Sur-Yvette

<div class="wp-block-media-text alignwide is-stacked-on-mobile is-vertically-aligned-bottom is-image-fill-element" style="grid-template-columns:54% auto"><figure class="wp-block-media-text__media"><img loading="lazy" decoding="async" width="1024" height="768" src="http://orsaygifathle.fr/wp-content/uploads/2023/10/Tentes-OGA-1-1024x768.jpeg" alt="" class="wp-image-349 size-full" style="object-position:0% 0%" srcset="https://orsaygifathle.fr/wp-content/uploads/2023/10/Tentes-OGA-1-1024x768.jpeg 1024w, https://orsaygifathle.fr/wp-content/uploads/2023/10/Tentes-OGA-1-300x225.jpeg 300w, https://orsaygifathle.fr/wp-content/uploads/2023/10/Tentes-OGA-1-768x576.jpeg 768w, https://orsaygifathle.fr/wp-content/uploads/2023/10/Tentes-OGA-1-1536x1152.jpeg 1536w, https://orsaygifathle.fr/wp-content/uploads/2023/10/Tentes-OGA-1-740x555.jpeg 740w, https://orsaygifathle.fr/wp-content/uploads/2023/10/Tentes-OGA-1.jpeg 1984w" sizes="auto, (max-width: 1024px) 100vw, 1024px" /></figure><div class="wp-block-media-text__content">
<div class="wp-block-buttons is-horizontal is-content-justification-center is-layout-flex wp-container-core-buttons-is-layout-499968f5 wp-block-buttons-is-layout-flex">
<div class="wp-block-button"><a class="wp-block-button__link has-black-color has-luminous-vivid-orange-background-color has-text-color has-background has-small-font-size has-custom-font-size wp-element-button" href="https://orsaygifathle.fr/?page_id=56" style="border-radius:5px"><strong>INSCRIPTION</strong></a></div>
</div>



<p></p>



<div class="wp-block-buttons is-content-justification-center is-layout-flex wp-container-core-buttons-is-layout-16018d1d wp-block-buttons-is-layout-flex">
<div class="wp-block-button"><a class="wp-block-button__link has-black-color has-luminous-vivid-orange-background-color has-text-color has-background has-small-font-size has-custom-font-size wp-element-button" href="https://orsaygifathle.fr/?page_id=65" style="border-radius:5px"><strong>ENTRAINEMENTS</strong></a></div>
</div>



<p></p>



<div class="wp-block-buttons is-content-justification-center is-layout-flex wp-container-core-buttons-is-layout-16018d1d wp-block-buttons-is-layout-flex">
<div class="wp-block-button"><a class="wp-block-button__link has-black-color has-luminous-vivid-orange-background-color has-text-color has-background has-small-font-size has-custom-font-size wp-element-button" href="https://orsaygifathle.fr/?page_id=112" style="border-radius:5px"><strong>CALENDRIER 202</strong>5<strong>-202</strong>6</a></div>
</div>
</div></div>



<p></p>



<p>Venez pratiquer l’athlétisme sous toutes ses formes au sein de notre club hébergé dans l&rsquo;écrin du stade de Gif-Sur-Yvette.<br>Les activités sont regroupées selon l’organisation suivante&nbsp;:</p>



<p></p>



<p class="has-luminous-vivid-orange-color has-text-color"><strong>Éveil Athlétique &#8211; Poussins de 7 à 10 ans&nbsp;(EA-PO) :</strong></p>



<p>L’accent est mis sur le passage à une motricité athlétique au moyen d’exercices variés basés sur le jeu. On y mêlera au travers d’une pratique diversifiée et la plus large possible, l’apprentissage de la <strong>maîtrise gestuelle</strong> (coordination, équilibre, etc.), le développement des <strong>qualités physiques</strong> (la rythmicité, la vitesse de réaction, la souplesse, l’endurance, etc.) et la mise en place des prérequis de l’athlétisme, appelés les <strong>fondamentaux </strong>(qui préparent à l’apprentissage des techniques de notre sport).</p>



<p></p>



<p class="has-luminous-vivid-orange-color has-text-color"><strong>Benjamins &#8211; Minimes de 11 à 14 ans (BE-MI)&nbsp;:</strong></p>



<p>Durant ces 4 années de formation, il va recevoir une formation complète lui permettant d’exploiter son potentiel physiologique et d’acquérir les <strong>fondamentaux des différentes disciplines de l’athlétisme</strong>. Au cours des différents cycles d’apprentissage proposés par le club, il aura l’occasion de découvrir l’ensemble des épreuves du premier sport olympique tout en pratiquant un athlétisme adapté, motivant et formateur qui le conduira progressivement et sereinement à l’athlétisme culturel que nous connaissons tous.</p>



<p></p>



<p class="has-luminous-vivid-orange-color has-text-color"><strong>À partir de 15 ans (CA-JU-ES-SE)&nbsp;:</strong></p>



<p>La pratique commence à se spécialiser avec l’orientation vers les épreuves de sprints, haies, sauts, lancers épreuves combinées ou le demi-fond. Pour cela, 2 groupes sont proposés : l’un orienté sprint, haies, sauts, lancers et l’autre demi-fond. 3 entrainements sont proposés afin de travailler en profondeur et faire progresser l’athlète.</p>



<p></p>



<p class="has-luminous-vivid-orange-color has-text-color"><strong>Groupe Running<strong> (CA-JU-ES-SE-MA)</strong>&nbsp;:</strong></p>



<p>Ce groupe est plus particulièrement destiné aux adultes qui souhaitent pratiquer le running ou les pratiques hors stade (courses sur route, nature, trail). Quelque soit votre niveau, vous bénéficiez du travail d’un coach spécialisé et d’un groupe d’entrainement. En définissant votre projet avec l’entraineur, celui-ci vous préparera un plan d’entrainement personnalisé afin de vous amener à votre objectif.</p>



<p>Des sorties en groupe sur les courses sont organisées.</p>



<p></p>



<p></p>



<p class="has-luminous-vivid-orange-color has-text-color"><strong>Organisation&nbsp;:</strong></p>



<p>Depuis 2019, nous formons une entente avec le club d’Orsay (OGA : Orsay Gif Athlé). Chaque section à son indépendance pour les entrainements (avec des passerelles pour certaines disciplines faites ensemble, comme le saut à la perche). Lors des compétitions, nous sommes regroupés sous le même maillot et les mêmes équipes. Ceci permet, par exemple, de présenter des relais, des équipes pour les jeunes en EquipAthlé et aussi de participer aux Interclubs en Nationale 2.</p>



<p>Tous les entrainements se déroulent sur la piste d’athlétisme du stade situé dans le <strong>Parc Sportif Michel Pelchat</strong> à coté de la mairie (Gif Vallée). S&rsquo;y rendre : <a href="https://goo.gl/maps/YdkWrQyA2AgkSbPUA" target="_blank" rel="noopener" title="">Cliquer ici</a></p>



<p></p>



<p>Pour tous renseignements vous pouvez contacter&nbsp;:</p>



<p class="has-luminous-vivid-orange-color has-text-color"><strong>Bureau :</strong></p>



<p>Président : <strong>Anthony Barbé</strong> – <a href="anthony.ocgifathle91@gmail.com" title="">anthony.ocgifathle91@gmail.com</a><br>Vice-Présidente : <strong>Fatmatül Pralong</strong> – <a href="f.pralong@yahoo.fr" title="">f.pralong@yahoo.fr</a><br>Trésorière : <strong>Rocel Rosa</strong> – <a href="mailto:rocel91@hotmail.fr" title="">rocel91@hotmail.fr</a><br>Vice-Trésorier : <strong>Walid Boulenouar</strong> – <a href="waliboulen@gmail.com" title="">waliboulen@gmail.com</a><br>Secrétaire : <strong>Franck Beaurenaud</strong> – <a href="mailto:beaurenaud@gmail.com" title="">beaurenaud@gmail.com</a><br>Vice-Secrétaire : <strong>Martine Le Breton</strong> – <a href="le-breton.martine@orange.fr" title="">le-breton.martine@orange.fr</a><br>Communication/Référente Sécurité &amp; VSS : <strong>Fatmatül Pralong</strong> – <a href="f.pralong@yahoo.fr" title="">f.pralong@yahoo.fr</a><br>Membre : <strong>Zoé Beaurenaud</strong> &#8211; <a href="zbeaurenaud@gmail.com" title="">zbeaurenaud@gmail.com</a></p>



<div class="wp-block-buttons is-layout-flex wp-block-buttons-is-layout-flex"></div>



<p></p>

<p>Venez pratiquer l’athlétisme sous toutes ses formes au sein de notre club hébergé dans l&rsquo;écrin du stade de Gif-Sur-Yvette.Les activités sont regroupées selon l’organisation&#46;&#46;&#46;</p>
